 Is (-12)/24 - y/c a composite number?
True
Suppose 3*b + 4*y = -23, -5*y + 1 + 22 = -2*b. Is 16759 + -4 + b/((-54)/(-12)) prime?
False
Let x be -1*7 + 0 + 1. Let a = 8 + x. Suppose 5*l + 5*c - 11610 = 0, -l + 3*c - 2332 = -a*l. Is l a composite number?
True
Let f(l) = 19*l**2 + l + 13. Suppose -5*b + 34 - 9 = 0. Suppose b = w + 11. Is f(w) a prime number?
True
Is 354917 + 43 - (18 + -4)/2 a composite number?
False
Let l(i) be the first derivative of 4*i**3/3 - 37*i**2/2 - 80*i - 41. Is l(-29) prime?
True
Let j = -291841 + 450392. Is j a prime number?
True
Let t = 1204 + 1997. Let d = t - 868. Is d a composite number?
False
Let v(j) = -1835*j + 8. Let b(i) = -i**3 - 2*i**2 + i - 7. Let u be b(-3). Is v(u) prime?
False
Is ((1/(-10))/(5/(-50)))/(5/85795) prime?
True
Suppose 16 = 2*l - 3*d, -2*l = 2*l - 4*d - 28. Suppose 5*w = 0, l*g + 3848 = 4*w + 16533. Is g a composite number?
True
Is (-116507)/(10 + 3 + -14) composite?
False
Let t be 2/(-8) - (-4167)/(-36). Let d = t - -121. Suppose 4*b + 4275 = 9*b - 5*l, -l - 4259 = -d*b. Is b composite?
True
Let q(c) = -4*c**2 - 82*c - 11. Let k be q(-20). Suppose 22*w + 28063 = k*w. Is w a composite number?
True
Let o(p) = p**2 + 36*p + 145. Is o(32) a prime number?
False
Suppose -231404 + 916392 = 35*z - 172477. Is z composite?
False
Let k = 76 + -43. Suppose -51 = -4*v + 4*f + k, -2*v + 42 = -f. Suppose -8*r + v*r - 11167 = 0. Is r a composite number?
False
Let r = -2453 + 5840. Suppose -t - 5*x + r = -5*t, 3*x = -t - 851. Let q = -351 - t. Is q a composite number?
True
Let b = 567 + -46. Suppose 2*m = 421 + b. Is m a prime number?
False
Suppose -48*z - 556859 + 1696756 = -6069271. Is z a prime number?
False
Suppose -2*k + 419 = 5*o - 6*k, 0 = -3*k - 3. Is o a composite number?
False
Let q = 143 - -433. Suppose q*z - 31451 = 569*z. Is z a composite number?
False
Suppose -9*j + 5*j + 296 = 0. Let v = j + -70. Is 21*v - (-18)/6 composite?
True
Let f(i) = 9*i**2 + 11*i + 26. Let o be f(-4). Let l = o + 43. Is l a prime number?
False
Suppose 48*z - 53*z = 0. Suppose z = 4*g - 2190 - 14174. Is g a composite number?
False
Let k(y) = -y**3 - 16*y**2 + 4*y + 15. Let b(m) = m**3 + 17*m**2 - 3*m - 15. Let c(d) = 5*b(d) + 6*k(d). Let t be c(-10). Let w = t + 470. Is w composite?
True
Suppose 737*d + 168936 = 761*d. Is d a composite number?
False
Suppose -3*t = 4*z - 6, 0*z = 5*z + 15. Let a(v) = 2*v - 9 - t*v + 20 + 3*v. Is a(0) a composite number?
False
Let m(r) = -r**2 - 4*r + 3. Let j be m(-4). Suppose -16 = -j*w - w. Is 372 + (-8)/w - -1 prime?
False
Suppose 2136278 - 238089 = 47*l. Is l prime?
True
Let z be 2/(-5) - 198/(-45). Is (-1 - (3 + -3105)) + -1*z a prime number?
False
Is (-5)/(-2)*3620170/1075 composite?
False
Let w = 310 - 1936. Let p = 1151 - w. Is p a prime number?
True
Let y(f) = f**2 - 9*f + 4. Let v be y(10). Let l(c) = -25*c - 66. Let u be l(-8). Suppose 12*x - v*x + u = 0. Is x composite?
False
Suppose 627 = -15*s - 123. Let z = 63 + 146. Let p = z + s. Is p a prime number?
False
Suppose 40 = -3*a - 2*a. Let h(y) = -391*y - 1 + 37 - 10 + 9. Is h(a) prime?
True
Suppose 232*s = 225*s + 116137. Let m = -6324 + s. Is m prime?
True
Let a(y) = -5492*y + 6. Let n be a(-5). Suppose n = 12*w - 37310. Is w a prime number?
False
Suppose -5*j + 841817 = -4*i, -2*j + 5*i - 8*i + 336713 = 0. Is j a composite number?
True
Let o(h) = -h**3 + 4*h + 3. Let i be o(3). Let b be (16/i)/((-4)/9) - -2. Suppose -578 + 2117 = b*w - v, 5*w - 2*v = 1543. Is w composite?
False
Suppose -101*w - 36088 = -105*w - 4*x, -3*w = -4*x - 27073. Is w a composite number?
True
Let m(x) = 29*x**3 + 6*x**2 - 5. Let q be m(-5). Let w = 3427 - 5145. Let j = w - q. Is j prime?
False
Let d = -625 + 25440. Let h(u) = u**3 + 8*u**2 - 2*u - 8. Let o be h(-8). Suppose 15*t - d = o*t. Is t prime?
False
Suppose 0 = -7*s + 232313 - 1775 + 184051. Is s a prime number?
False
Let j(l) be the first derivative of -l**4/4 + l**3 - l**2 + 21*l - 1. Let b(g) = -g**3 - 73*g**2 - 145*g - 213. Let p be b(-71). Is j(p) a prime number?
False
Let n(b) = 572*b**3 - 3*b**2 + 13*b + 11. Let p(g) = 570*g**3 - 2*g**2 + 14*g + 10. Let h(w) = -3*n(w) + 4*p(w). Is h(4) a prime number?
True
Suppose p = 2*p, -a + 2 = -4*p. Let s be (36/(-12))/((-502)/(-254) - a). Suppose -5*t - s = -1682. Is t a composite number?
False
Suppose 5*f - 2*f + 27 = 0. Let z(a) = -4414*a - 185. Is z(f) prime?
True
Let l = 12119 - 5140. Is l composite?
True
Suppose 5*m - r - 653358 = 0, 0 = 2*m + 4*r - 10556 - 250818. Is m a composite number?
True
Suppose -4*u - 34 = -2*u. Let q = 39 + u. Is 15022/q - 18/(-99) prime?
True
Let r = 19504 - 37275. Let m = 25330 + r. Is m a prime number?
True
Suppose -628249 = 2*p - 49*p. Is p prime?
True
Let b be -1 + (12 + -6 - 1). Suppose 0 = -z + b*d + 625, -4*d = -3*z + 2296 - 389. Is z composite?
False
Let m(x) = 30708*x**2 - 17*x - 34. Is m(-3) composite?
False
Let c be 70/15 - 6 - (-28)/(-6). Let m(b) = -31*b**3 + 3*b**2 + 5*b - 23. Is m(c) composite?
True
Let q be 40/18 + 10/(-45). Suppose 0 = -q*u + 7 + 3. Suppose 0 = -4*g - 0*b - 5*b + 871, 3*g - 627 = u*b. Is g a prime number?
False
Let p = 1904 + -1130. Let i = p + -283. Is i a prime number?
True
Suppose 25*r = 75 + 75. Is -5 + (-28)/(-6) + 108908/r composite?
True
Let o be 4/56*-2*-7. Let v be (o - 1/(-1)) + -3. Is ((-20)/(-5) - 503)/(v*1) a prime number?
True
Let n = -25 - -29. Suppose 2 = -n*h + 30. Suppose -h*g + 29565 = -14164. Is g a composite number?
False
Let c(w) = -w**3 + 16*w**2. Let u be c(16). Suppose 2*o + 7*o - 27513 = u. Suppose 0 = -2*q - 4*b + 1546, b - o = -q - 3*q. Is q composite?
True
Let s(m) be the second derivative of -40075*m**3/6 + 49*m**2 - 240*m. Is s(-3) composite?
True
Suppose 2*x + d = 15218, d + d = -x + 7609. Let r = x + -2642. Is r a composite number?
False
Suppose 104 - 140 = -4*s. Let v(p) = 4*p**2 + 12*p - 1. Let n(i) = 8*i**2 + 25*i - 3. Let y(r) = -2*n(r) + 5*v(r). Is y(s) composite?
True
Let l(o) = 80622*o + 1979. Is l(15) a prime number?
False
Let f(d) = -123*d - 86. Let g be f(15). Let h = 240 - g. Is h a prime number?
False
Let v(s) = -s**3 - 9*s**2 - s - 14. Let n be v(-9). Let o(m) = -34*m**3 - m**2 + 4*m + 1. Let z be o(n). Suppose -z = 3*w - 9*w. Is w prime?
True
Let h be (40/18 - -1) + (-18)/81. Suppose h*f - 11683 = -4*y, -7*y - 4*f + 14603 = -2*y. Is y a composite number?
True
Let l(h) = -2*h**3 - 33*h**2 - 12*h - 145. Is l(-42) composite?
True
Let g(f) = -1. Let n(i) = -768*i**2 - 3*i + 3. Let k(x) = 2*g(x) - n(x). Is k(2) a prime number?
False
Suppose 55*l = 58*l - 3198. Let x = 1715 - l. Suppose 3*g = -9 + 18, g = 4*n - x. Is n prime?
True
Let q = 89517 + -6644. Is q composite?
True
Let z(a) = -17513*a + 1. Let l be z(-1). Let x = 25241 - l. Is x a composite number?
False
Let m(c) = 4*c - 12. Let k be m(4). Suppose -z = -2*u - u + 73, -4*z - k*u = 212. Let f = 36 - z. Is f prime?
False
Is (324/486)/((-1)/(265827/(-2))) a composite number?
False
Let p(m) be the third derivative of -487*m**4/24 - 7*m**3/6 + 112*m**2. Is p(-3) a prime number?
False
Suppose 2*m + 19 = 3*p, -2*m + 4 = -2*p + 20. Suppose 2*a - p*n - 10108 = 0, 2*a - 2*n - 5593 = 4513. Is a a composite number?
False
Suppose 0 = -25*c + 20*c + 4*w + 203859, -2*w = -2*c + 81544. Is c prime?
True
Let y = 755794 + -267725. Is y a prime number?
True
Let r(i) = 1583*i**2 - 108*i + 506. Is r(5) prime?
True
Let n be -5*(2 + -13) - 6. Is (95004/n)/4 - (-4)/14 composite?
True
Suppose -u = -2*b - 2*b + 21, u + 26 = 5*b. Is -44 + 48 - (1*u + -353) prime?
False
Suppose -4*c + 371349 = 3*h, 9*c - 371340 = -3*h + 8*c. Is h a composite number?
True
Let a = 2073 + -854. Suppose 0 = j - 910 - a. Is j prime?
True
Suppose -2*u = 3*i - 1269151, -u - 4*u = -10. Is i a prime number?
False
Let k(b) = 5187*b + 2290. Is k(4) a composite number?
True
Suppose -2*s - 2*b = 2, -2*s - b - 3 = 2*b. Suppose -21*l + 8511 + 2346 = s. Is l a prime number?
False
Suppose 4*q + 5*k = -q - 10, 0 = -4*k - 8. Suppose q = -2*z - 12*z + 28826. Let x = z - 890. Is x prime?
False
Suppose 0 = -2*m - 4*b - 0*b + 16, 5*m - 4 = -b. Let x be 2 + m + -7 + (4 - 3). Is 6751/3 - x/6 a prime number?
True
Suppose -4 = -4*u - 4*z - 0, -u - 2*z = 0. Suppose -5*o + 6*t - u*t = -5185, -2*t = 3*o - 3111. Is o a prime number?
False
Let a(y) = 1